ousands digit of 153171949?
7
What is the ten thousands digit of 776169341?
6
What is the tens digit of 18939727?
2
What is the hundred millions digit of 186311051?
1
What is the hundred thousands digit of 228015158?
0
What is the ten thousands digit of 56911388?
1
What is the ten millions digit of 85706362?
8
What is the ten thousands digit of 133053054?
5
What is the tens digit of 31885274?
7
What is the thousands digit of 29631624?
1
What is the ten thousands digit of 138381449?
8
What is the thousands digit of 215903444?
3
What is the units digit of 922626684?
4
What is the ten thousands digit of 1727113262?
1
What is the ten thousands digit of 4599983?
9
What is the ten thousands digit of 243519935?
1
What is the hundreds digit of 1370034574?
5
What is the millions digit of 151367807?
1
What is the millions digit of 1031922148?
1
What is the ten thousands digit of 2096898478?
9
What is the billions digit of 1090406812?
1
What is the ten millions digit of 965153003?
6
What is the ten millions digit of 424832008?
2
What is the ten millions digit of 293897701?
9
What is the hundred thousands digit of 6855306608?
3
What is the billions digit of 4177722017?
4
What is the billions digit of 1124291803?
1
What is the hundred thousands digit of 581979188?
9
What is the millions digit of 66197292?
6
What is the units digit of 998540940?
0
What is the thousands digit of 75978999?
8
What is the hundred thousands digit of 2420825433?
8
What is the tens digit of 51270651?
5
What is the ten thousands digit of 563404240?
0
What is the hundreds digit of 12655752?
7
What is the millions digit of 1287456110?
7
What is the units digit of 4474252197?
7
What is the hundred millions digit of 2252105230?
2
What is the units digit of 1049850221?
1
What is the millions digit of 613315436?
3
What is the hundred thousands digit of 54620162?
6
What is the hundred millions digit of 146551160?
1
What is the units digit of 344047482?
2
What is the ten millions digit of 12328164?
1
What is the units digit of 232693540?
0
What is the ten millions digit of 43544184?
4
What is the hundreds digit of 62914820?
8
What is the thousands digit of 884788705?
8
What is the ten millions digit of 328372825?
2
What is the tens digit of 143637400?
0
What is the ten millions digit of 651037944?
5
What is the millions digit of 3619286?
3
What is the hundred thousands digit of 29677454?
6
What is the millions digit of 1692579482?
2
What is the hundred thousands digit of 76749122?
7
What is the thousands digit of 619993060?
3
What is the units digit of 2034014020?
0
What is the thousands digit of 93043880?
3
What is the tens digit of 4251972024?
2
What is the hundred thousands digit of 304950393?
9
What is the hundred millions digit of 181742010?
1
What is the tens digit of 1999451652?
5
What is the hundred thousands digit of 1125032719?
0
What is the millions digit of 904968569?
4
What is the hundred thousands digit of 1735392010?
3
What is the hundred millions digit of 339457557?
3
What is the ten millions digit of 25825436?
2
What is the hundred thousands digit of 678418612?
4
What is the millions digit of 1012848327?
2
What is the hundred millions digit of 1598857750?
5
What is the hundreds digit of 50565187?
1
What is the thousands digit of 109411474?
1
What is the millions digit of 130285683?
0
What is the billions digit of 1299005051?
1
What is the thousands digit of 3474894820?
4
What is the tens digit of 10876991?
9
What is the thousands digit of 1383640835?
0
What is the ten thousands digit of 7810410?
1
What is the ten thousands digit of 70492442?
9
What is the units digit of 51375927?
7
What is the hundred thousands digit of 2811995448?
9
What is the hundred thousands digit of 89510955?
5
What is the units digit of 34767267?
7
What is the tens digit of 113914311?
1
What is the thousands digit of 63406153?
6
What is the millions digit of 134760867?
4
What is the millions digit of 46237066?
6
What is the tens digit of 406411804?
0
What is the tens digit of 99556449?
4
What is the thousands digit of 3795189803?
9
What is the hundred thousands digit of 44148292?
1
What is the hundred thousands digit of 353870775?
8
What is the hundred thousands digit of 366271348?
2
What is the hundred thousands digit of 1815825338?
8
What is the thousands digit of 4883376761?
6
What is the hundred thousands digit of 3935774530?
7
What is the units digit of 192817247?
7
What is the ten thousands digit of 293434465?
3
What is the hundred millions digit of 163920818?
1
What is the thousands digit of 8821507?
1
What is the ten millions digit of 1478082186?
7
What is the hundred thousands digit of 1146224865?
2
What is the hundreds digit of 170478063?
0
What is the tens digit of 25866262?
6
What is the hundred thousands digit of 160558265?
5
What is the hundred thousands digit of 5120707408?
7
What is the ten millions digit of 11969171?
1
What is the millions digit of 604122361?
4
What is the ten millions digit of 4639585983?
3
What is the hundred thousands digit of 1125371493?
3
What is the ten millions digit of 1864074874?
6
What is the units digit of 305012135?
5
What is the ten millions digit of 755665943?
5
What is the tens digit of 3385581020?
2
What is the units digit of 3265618803?
3
What is the hundreds digit of 176469325?
3
What is the hundreds digit of 2262168891?
8
What is the hundred millions digit of 224018988?
2
What is the tens digit of 221637403?
0
What is the units digit of 38498473?
3
What is the hundred thousands digit of 376633437?
6
What is the hundreds digit of 350815329?
3
What is the hundreds digit of 1414451439?
4
What is the ten thousands digit of 95405252?
0
What is the units digit of 69112025?
5
What is the hundreds digit of 221682170?
1
What is the hundred millions digit of 396623510?
3
What is the billions digit of 1117473462?
1
What is the units digit of 379419781?
1
What is the hundreds digit of 1366289689?
6
What is the ten thousands digit of 1373108480?
0
What is the hundred millions digit of 200970440?
2
What is the millions digit of 81637504?
1
What is the hundreds digit of 10189000?
0
What is the ten millions digit of 2060616064?
6
What is the units digit of 138527974?
4
What is the ten millions digit of 511537636?
1
What is the tens digit of 1340553106?
0
What is the tens digit of 1914431378?
7
What is the hundred millions digit of 1855825548?
8
What is the hundred millions digit of 2157393984?
1
What is the ten thousands digit of 858540660?
4
What is the ten thousands digit of 750870888?
7
What is the millions digit of 23138548?
3
What is the millions digit of 205628736?
5
What is the thousands digit of 67739732?
9
What is the ten thousands digit of 2473074346?
7
What is the thousands digit of 686889570?
9
What is the units digit of 1895103098?
8
What is the units digit of 508969906?
6
What is the ten millions digit of 36169138?
3
What is the hundred thousands digit of 47274914?
2
What is the ten millions digit of 941683080?
4
What is the units digit of 508495791?
1
What is the millions digit of 47779647?
7
What is the ten millions digit of 798938789?
9
What is the units digit of 1375058428?
8
What is the units digit of 490604029?
9
What is the hundred thousands digit of 358906337?
9
What is the tens digit of 20596848?
4
What is the units digit of 39401878?
8
What is the hundred thousands digit of 612488310?
4
What is the tens digit of 47159816?
1
What is the ten millions digit of 475763924?
7
What is the millions digit of 446358757?
6
What is the ten thousands digit of 108900552?
0
What is the tens digit of 393662766?
6
What is the thousands digit of 1617574816?
4
What is the units digit of 25134020?
0
What is the ten thousands digit of 80542489?
4
What is the hundreds digit of 80541713?
7
What is the hundred millions digit of 1812305647?
8
What is the tens digit of 1550252734?
3
What is the hundreds digit of 120147371?
3
What is the hundred thousands digit of 51058521?
0
What is the ten millions digit of 2406760148?
0
What is the units digit of 282996043?
3
What is the hundreds digit of 512284071?
0
What is the tens digit of 838181792?
9
What is the units digit of 75176265?
5
What is the tens digit of 60106081?
8
What is the ten millions digit of 102852224